*g(d) - w(d). Suppose 2*l = -5*c - 43, -4 = -2*l - 2. Determine m(c).
14
Let x = -299 - -449. Let a = x + -149. Let o(h) = 11*h**2 - 1. Calculate o(a).
10
Let t(v) = 23*v**2 + 28 + 19*v**2 + 30*v**2 + 2*v**3 + 7*v + 4*v - 62*v**2. Calculate t(-5).
-27
Let j(z) = -2*z + 33. Let m = 56 - 42. Let h be j(m). Let n(g) = -h*g + 3*g - g**3 - 4 + 242*g**2 + g - 237*g**2. Give n(4).
8
Let q(t) = t**2 - t - 6. Let u be (27/(-15))/(3 - (-155)/(-50)). Let y be (1/4)/(u/432). Determine q(y).
24
Let y(o) = o**3 + 4*o**2 + 2*o + 1. Let z be y(-4). Let h(t) be the second derivative of -t**4/12 - 3*t**3/2 + 3*t**2/2 + 5037*t. Give h(z).
17
Let a be -1 + 355/35 + (-7)/49. Let u(d) = -d**2 + 5*d + 46. Give u(a).
10
Let c(k) be the second derivative of 0*k**3 + 7*k - 1/12*k**4 + 0 + 3/2*k**2. Suppose 5*y + 8 = 4*o, 8*y - 3*y + o = 2. What is c(y)?
3
Let j(u) = 13*u + 6*u - 26 - 6*u. Let z be j(-3). Let f = z + 60. Let o(w) = w**2 + 7*w + 5. What is o(f)?
-5
Let s(f) = f**2 + 3*f. Suppose -3478 + 1008 = 10*l. Let d = 243 + l. Give s(d).
4
Suppose -63*h + 64*h = 0. Let d(i) = -32 + 29 - i + 16. What is d(h)?
13
Let p be ((-15)/18*-4)/((-2)/(-6)). Let y be ((-48)/p)/(-6) + 114/(-30). Let m(r) = -r**3 - 2*r**2 + 5*r + 2. Give m(y).
-4
Let g(c) = -4*c + 44. Let w = 561 - 541. Determine g(w).
-36
Let b be 4*(-4)/(-24)*-987. Let q = 658 + b. Let a(j) be the first derivative of -j**2/2 - 7*j - 1. What is a(q)?
-7
Let h(k) = -k**2 + 7*k + 2. Let f(d) = 2*d**2 + 51*d - 20. Let n be f(-28). Suppose n = 22*x - 7*x. Determine h(x).
-6
Let i(a) be the second derivative of -a + 1/2*a**4 - 173 - 3*a**2 + a**3 - 1/20*a**5. Determine i(6).
30
Let z(i) be the first derivative of 3*i**2 - 16*i + 3548. Determine z(8).
32
Let s(f) = 68 + 4*f**2 - 83 + f + 183*f**3 - 184*f**3. Calculate s(5).
-35
Let f(y) be the first derivative of y**4/4 - 4*y**3/3 + y**2 + 3*y + 1. Let w = -67 + 70. What is f(w)?
0
Let l(u) = u**2 - 4*u. Let g be (-12)/(-1) - -3 - 2. Let x be (-36)/234 + 15/g. Let p be 3/5 - x - 54/(-10). What is l(p)?
5
Let y(g) = 143 - 94 - g - g**3 + 3*g**2 - 2*g**2 - 46. Let s be 0*-2*1/(-2). What is y(s)?
3
Let a = -11381 - -11395. Let q(r) = -r**3 + 15*r**2 - 16*r + 20. Calculate q(a).
-8
Let v be (-2)/8 - (-29)/4. Let i(q) = -v*q**2 - 5 + 0 - 2 - q**3. Suppose 20*h = 15*h - 35. Calculate i(h).
-7
Let z = 541 - 564. Let q(i) = -i**3 - 22*i**2 + 20*i - 28. Determine q(z).
41
Let a(f) = -f**2 + 3*f + 7. Let n(i) = -14*i**2 + 24*i + 70. Let v(o) = 10*a(o) - n(o). Calculate v(-4).
40
Let v(w) = 18 + 11*w - 6 + 37 + 8 + 19. What is v(-6)?
10
Let v be (6/(-4))/(3/18). Let b be (v/15)/(1/5). Let z(x) be the third derivative of -x**5/60 - x**4/24 + 2*x**3/3 - 370*x**2 - 2*x. Give z(b).
-2
Let s(u) be the second derivative of -u**5/20 - u**2/2 + 50*u. Let w(t) = t**3 - t**2 - 2*t + 1. Let m be w(0). Determine s(m).
-2
Let b(n) = -n**3 + 13*n**2 - 33*n. Let o(t) = 3*t**3 - 25*t**2 + 76*t. Let q(a) = 7*b(a) + 3*o(a). Determine q(-8).
24
Let x(w) = -44*w + 39*w + 0 + 5 + 1 + 0. Let r = 120 - 117. Give x(r).
-9
Let h(x) = 11 + 105*x**2 + 7 - 41*x - 51*x**2 - 57*x**2. Calculate h(-14).
4
Let h(z) be the third derivative of z**5/60 - 5*z**4/24 - z**3 + 21*z**2 + 2. Let n = 60 - 35. Suppose 16*r - n = 11*r. What is h(r)?
-6
Let r(w) = -w**2 + 9*w. Suppose -268 = 2*o + 5*y, y = -1 + 3. Let z = o + 147. Give r(z).
8
Let k(t) be the second derivative of 1/6*t**3 - 2 - 7/2*t**2 + 7*t. Determine k(-5).
-12
Let j(a) = a**3 - a**2 + a + 1. Let o(t) = 3*t - 22. Let z(v) = v + 2. Suppose q + 25 = 4*l, 7*l = 2*l + 4*q + 45. Let x be z(l). Let w be o(x). Calculate j(w).
-2
Let f(s) = s + 2. Let x(q) be the third derivative of q**4/24 + q**3/2 + 6*q**2. Let t be x(3). Let b be ((-6)/(-6))/((-3)/t). What is f(b)?
0
Suppose 0 = -2*z + 48 + 4. Suppose -2*i - 22 + z = 0. Let g(c) = -c**3 - c. Let t(f) = f**3 + 8*f**2 - 5*f + 5. Let d(l) = i*g(l) + t(l). What is d(7)?
5
Suppose 0 = -226*j + 233*j - 980. Let q(y) = -147*y - 146*y - j*y + 432*y. Calculate q(0).
0
Let h(o) = -o**3 - 11*o**2 + 45*o + 47. Let w be h(-14). Let m(n) = -17*n + 19. Let b(y) = -6*y + 9. Let v(g) = w*b(g) - 2*m(g). Give v(-6).
-17
Let b(v) = v**2 - 6*v + 7. Let w(f) = f**2. Let h(a) = -2*a**2 + 13*a - 36. Let u(z) = -h(z) - 3*w(z). Let k be u(-15). Determine b(k).
7
Let d(i) be the first derivative of -i**4/4 + 7*i**3/3 + 4*i**2 + 5*i + 7505. Let q = 10 - 2. Calculate d(q).
5
Let z(n) be the third derivative of 5*n**4/24 - 173*n**3/6 + 1742*n**2. Give z(34).
-3
Let o(s) = -s**3 - 4*s**2 + 2*s - 4. Let b(x) = -x**2 + 3*x + 14. Suppose 0 = -c + 14 - 4. Let q be ((-5)/4)/(c/40) - -2. Let t be b(q). Determine o(t).
-12
Suppose -99 = 8*q + 25*q. Let k(l) = -l**3 - l**2 + 5*l + 6. Let p(w) = 1. Let h(i) = -k(i) + 2*p(i). Determine h(q).
-7
Let u(q) = -13*q - 37. Let d(l) = 14*l + 36. Let g(x) = 10*d(x) + 11*u(x). Calculate g(-13).
-8
Let g(v) = -v**3 - 14*v**2 - 14*v - 11. Let i be g(-13). Let r(x) = -10743*x**i + 10742*x**2 - 3*x - 4*x. Give r(-9).
-18
Let j(d) be the third derivative of -7/6*d**3 + 2/15*d**5 + 3*d - 1/120*d**6 - 7/24*d**4 + 0 + 17*d**2. Give j(7).
-7
Suppose 2*q - 4*a = -10, 0 = -5*q - 4*a - 80 - 1. Let s(f) = -f**3 - 14*f**2 - 12*f - 1. What is s(q)?
-14
Suppose -y + 0*y = -3. Let i(z) = -z**y - 6 + 7*z + 0*z**3 - 3*z + 3*z**2. Suppose 24*l = -5*l + 47 + 69. Give i(l).
-6
Let j(h) be the third derivative of h**4/4 - h**3/2 - 13*h**2. Suppose -2*n + 2*m = 6, 7 + 8 = 3*m. What is j(n)?
9
Let z(t) = -2*t**3 + 6*t**2 - 8*t + 5. Let o(h) = -7*h + 30. Let a be o(4). Let x be z(a). Let s(y) = 4*y**2 + 3*y + 3. Determine s(x).
30
Let b = 24 - 24. Let d = b - -10. Let g(l) = 11 + 2*l - 12 - 2*l**2 - d*l**2. Calculate g(1).
-11
Let x(k) = k + 12. Let g(d) = d - 1. Let q(h) = 2*h**2 - 18*h + 20. Let c(m) = -10*g(m) - q(m). Let u be c(4). Give x(u).
2
Let w(v) = -6*v + 8. Let u be ((-20)/50)/(2/20). Let l be -2 + (-2)/(1 - (-5)/u). Calculate w(l).
-28
Let x(c) = c**2 + 15*c + 2. Let n(m) = -2*m**2 - 29*m - 3. Let t(g) = -4*n(g) - 7*x(g). Let w(j) = -j**2 + 194*j + 582. Let r be w(-3). Calculate t(r).
-20
Let g be (6/4)/(21/(-7952)). Let y = -576 - g. Let z(s) = -s**3 - 9*s**2 - 5*s + 15. What is z(y)?
-9
Let t = -205 - -205. Suppose 8*y - 9*y + 1 = t. Let n(l) = 2*l**2. What is n(y)?
2
Let j(y) = y**2 + 13*y + 38. Let o = -6168 + 6157. Give j(o).
16
Suppose 5*w = 2*p - 46, 0 = 3*w + 49 - 31. Let b(r) = 6*r - 4*r**2 - 2*r**2 + 5*r**2 + 5. What is b(p)?
-11
Let v(w) = 11680347*w**2 - 11680347*w**2 - 1 + 2*w + w**3. Suppose -3*q = l - 0 - 5, 5*l - 5 = 5*q. Determine v(l).
11
Let a(s) = -6*s - 11. Suppose -m - 22*i = -24*i - 401, -2*m - i + 812 = 0. Let b = -414 + m. Calculate a(b).
43
Let z(j) = j**2 - 9*j + 19. Let q(t) = 244*t**2 + 1705*t - 13. Let x be q(-7). Calculate z(x).
11
Let l be (-3 - -5)*-1 - -52. Let t = -46 + l. Let w(k) = -9*k - 2*k + k**2 - 2*k**2 - t + 3*k. Determine w(-7).
3
Suppose -4*i + 26 - 214 = 0. Let d = i - -46. Let q(m) = -7*m + 17*m + m - 3*m + 1. Determine q(d).
-7
Let o(f) = 22*f - 70. Let v(x) = -33*x + 93. Let k(h) = 8*o(h) + 5*v(h). What is k(8)?
-7
Let k(m) be the third derivative of -7*m**2 + 0 + 1/720*m**6 + 0*m + 0*m**3 - 1/12*m**4 + 1/120*m**5. Let j(t) be the second derivative of k(t). What is j(5)?
6
Let n(q) = -q**2 + 2*q - 3. Let h be (9 - -1)/(340/408). Suppose 2*t + 5*r + 8 = 0, -5*t + 2*t + r - h = 0. Determine n(t).
-27
Suppose 90*i = 102*i - 96. Let w(t) = t + 7 - 4 - 2*t + 1 + i. What is w(12)?
0
Let p(s) = -1. Let o be -1 - (4 - (1 + 5)). Let u(k) = -k + 6. Let g(a) = o*p(a) + u(a). Determine g(3).
2
Let w(f) be the second derivative of f**7/2520 - f**5/40 - 2*f**4/3 + f**3/2 - 12*f. Let v(k) be the third derivative of w(k). What is v(-4)?
13
Let z be (-16)/(-6)*(-9)/2. Let w(t) be the third derivative of t**6/120 + 11*t**5/60 - t**4/2 - 11*t**3/6 - 3*t**2 - t - 1621. Give w(z).
-11
Let x(m) be the third derivative of 7/60*m**5 - 1/6*m**3 - 1/24*m**4 + 0*m + 6*m**2 + 0. Let a = 530 - 531. Calculate x(a).
7
Suppose 5*l - 6*i - 489 = -3*i, -l = -3*i - 105. Let t = l - 103. Let b(q) = -q**2 - 7*q + 5. Calculate b(t).
5
Let b(v) be the first derivative of -9*v - v**2 - 1/4*v**4 - 2*v**3 - 43. Calculate b(-6).
3
Let v(h) = h**3 + 6*h**2 - 3*h. Let r be v(-6). Let y(o) = -17*o**3 + r*o**3 + 